e
Is 232387 composite?
True
Is 116935327 a prime number?
False
Is 389829266 prime?
False
Is 1856747 composite?
False
Is 39584617 a prime number?
True
Is 195855274 a prime number?
False
Is 1865791 composite?
False
Is 238454 prime?
False
Is 35916269 a prime number?
True
Is 24905399 prime?
False
Is 15737807 a prime number?
False
Is 251435891 prime?
False
Is 996977 a composite number?
True
Is 6458923 a composite number?
False
Is 7590131 prime?
False
Is 94081045 a prime number?
False
Is 130228053 prime?
False
Is 125377517 prime?
True
Is 4480667 prime?
False
Is 249358517 a composite number?
True
Is 688819 a prime number?
False
Is 8183753 a composite number?
True
Is 28685287 a prime number?
False
Is 341000053 a prime number?
True
Is 1321838641 a composite number?
True
Is 33400501 prime?
False
Is 119046371 a composite number?
True
Is 559571 a composite number?
False
Is 168562054 composite?
True
Is 4074011 prime?
True
Is 17776663 prime?
True
Is 45703166 a prime number?
False
Is 6013499 a composite number?
True
Is 77423369 a prime number?
True
Is 37843567 a prime number?
True
Is 253725481 a composite number?
False
Is 9239689 composite?
False
Is 6614249 a composite number?
False
Is 8767337 prime?
True
Is 76741231 a prime number?
False
Is 3955997 composite?
True
Is 975539 a prime number?
False
Is 5039057 prime?
False
Is 2754553 composite?
True
Is 1151729 a composite number?
False
Is 136775137 composite?
False
Is 29161739 a prime number?
True
Is 133147949 prime?
False
Is 724086907 composite?
False
Is 86786443 prime?
True
Is 25253717 a prime number?
False
Is 12836399 composite?
True
Is 29557321 composite?
False
Is 421493 composite?
False
Is 8014079 prime?
True
Is 13400459 prime?
True
Is 1363685 composite?
True
Is 229087357 a prime number?
True
Is 218891627 a prime number?
True
Is 1265233 a composite number?
False
Is 24923533 a composite number?
True
Is 216249847 a prime number?
False
Is 9071549 a prime number?
False
Is 929387287 a composite number?
False
Is 1236161 prime?
True
Is 4974203 prime?
False
Is 42447599 a composite number?
False
Is 100664947 a composite number?
False
Is 1253047 prime?
True
Is 1656491 a composite number?
False
Is 232532753 prime?
False
Is 24917537 prime?
True
Is 20873611 composite?
True
Is 8138177 prime?
False
Is 1208651 a composite number?
False
Is 15991369 composite?
True
Is 77997133 a prime number?
True
Is 8585921 a composite number?
False
Is 2261851 prime?
True
Is 597421 a prime number?
False
Is 9260969 a prime number?
False
Is 4606718 composite?
True
Is 70679407 prime?
True
Is 2614201 a composite number?
True
Is 326950337 a composite number?
True
Is 43000849 a prime number?
False
Is 5414609 a composite number?
False
Is 7490089 composite?
False
Is 1225423 prime?
False
Is 741967 composite?
False
Is 307189 composite?
False
Is 49482049 composite?
True
Is 404731 prime?
False
Is 873953441 a composite number?
True
Is 21081673 composite?
False
Is 21551791 prime?
True
Is 4081933 composite?
False
Is 239200099 a composite number?
True
Is 6457079 prime?
True
Is 293169979 a composite number?
False
Is 104513 a composite number?
False
Is 4391323 composite?
False
Is 30120449 a prime number?
True
Is 31814777 a composite number?
False
Is 82945067 a composite number?
False
Is 1773743 prime?
False
Is 14714923 prime?
True
Is 17296681 a composite number?
False
Is 2008621 prime?
True
Is 12984401 composite?
False
Is 4739143 a composite number?
False
Is 6037097 a composite number?
True
Is 23937391 a prime number?
True
Is 1616269 composite?
False
Is 9020831 prime?
True
Is 14998111 composite?
True
Is 4969267 composite?
False
Is 5209067 a prime number?
False
Is 181636867 a prime number?
True
Is 150163406 composite?
True
Is 35731699 prime?
False
Is 6461179 prime?
True
Is 1771091 a composite number?
True
Is 10705781 a prime number?
True
Is 12946459 prime?
True
Is 22462747 a composite number?
True
Is 20057753 prime?
True
Is 453091321 a prime number?
True
Is 207784663 a composite number?
False
Is 279630607 prime?
True
Is 608581 a composite number?
False
Is 29308139 composite?
True
Is 183221 a composite number?
True
Is 466019369 a prime number?
True
Is 4665833 composite?
False
Is 2964643 a prime number?
False
Is 28807763 a prime number?
True
Is 1152720931 prime?
False
Is 217938791 a composite number?
True
Is 1960921 prime?
True
Is 228598873 a composite number?
False
Is 100823 a composite number?
False
Is 280016389 a composite number?
False
Is 11597737 prime?
True
Is 728165 composite?
True
Is 11461733 a composite number?
True
Is 60281647 a prime number?
True
Is 77621207 a prime number?
True
Is 438937 a prime number?
True
Is 40686811 a composite number?
True
Is 204473011 a prime number?
True
Is 1339661 a prime number?
True
Is 36347023 a composite number?
False
Is 11448041 a composite number?
True
Is 29980277 prime?
True
Is 158985277 a prime number?
False
Is 391527511 prime?
False
Is 41563489 a prime number?
False
Is 4013881 prime?
True
Is 189162095 a prime number?
False
Is 3944669 a composite number?
False
Is 16454609 a composite number?
False
Is 2755985 prime?
False
Is 33927979 a composite number?
False
Is 2328134 a composite number?
True
Is 1321247 composite?
False
Is 2758747 a composite number?
True
Is 6146963 a prime number?
False
Is 73585345 a prime number?
False
Is 6093947 composite?
False
Is 2214097 prime?
False
Is 171094921 a composite number?
True
Is 184808993 prime?
False
Is 1597357 a prime number?
True
Is 2134439 a prime number?
True
Is 14600471 composite?
True
Is 213904409 composite?
True
Is 45944303 a composite number?
True
Is 5982706 prime?
False
Is 222689 composite?
True
Is 11231043 prime?
False
Is 289437611 a prime number?
False
Is 2028449 prime?
False
Is 662947 prime?
True
Is 81576641 a prime number?
False
Is 15623327 prime?
False
Is 339958319 a prime number?
True
Is 1746259 a composite number?
False
Is 17392827 a composite number?
True
Is 1718357 a composite number?
False
Is 21439382 composite?
True
Is 128294629 composite?
True
Is 3106319 prime?
True
Is 483523 a composite number?
False
Is 112066217 composite?
False
Is 949807 a prime number?
False
Is 799949 a composite number?
False
Is 24724897 a prime number?
True
Is 22559557 a prime number?
True
Is 4449685 composite?
True
Is 142831459 prime?
True
Is 605045887 a composite number?
False
Is 16780499 a composite number?
True
Is 8750227 a prime number?
True
Is 1143523 prime?
False
Is 74067859 composite?
False
Is 36296923 composite?
True
Is 176548693 prime?
True
Is 99407597 composite?
True
Is 14998943 a composite number?
True
Is 153172303 a prime number?
True
Is 130803067 composite?
False
Is 11403589 prime?
False
Is 11353177 composite?
True
Is 1409917 a composite number?
False
Is 12766309 composite?
True
Is 48629073 composite?
True
Is 11397301 composite?
True
Is 500793 composite?
True
Is 66249343 a composite number?
False
Is 150643265 composite?
True
Is 1945367 a prime number?
False
Is 2812717 a composite number?
False
Is 25590611 a composite number?
True
Is 1511929 prime?
False
Is 40572907 a composite number?
False
Is 30562505 composite?
True
Is 2777501 composite?
False
Is 46744547 a prime number?
True
Is 1657 a composite number?
False
Is 40247843 prime?
False
Is 507731 a prime number?
False
Is 78830417 prime?
True
Is 278107183 composite?
False
Is 60001199 composite?
False
Is 400719355 prime?
False
Is 130901 prime?
False
Is 1657303 a prime number?
True
Is 19467289 a composite number?
True
Is 52852673 prime?
False
Is 61614089 a prime number?
False
Is 7450277 a composite number?
False
Is 27865973 a prime number?
True
Is 3700241 a composite number?
False
Is 156897893 composite?
False
Is 32033611 prime?
True
Is 81326549 prime?
False
Is 231529 composite?
False
Is 175463 prime?
True
Is 144545105 a prime number?
False
Is 177961727 composite?
False
Is 6509491 composite?
False
Is 30003751 a prime number?
False
Is 1672421 a prime number?
True
Is 48185117 composite?
True
Is 2731165 prime?
False
Is 4461863 prime?
False
Is 618077 a composite number?
True
Is 327691582 a composite number?
True
Is 242659 composite?
False
Is 2084833 composite?
False
Is 416023 a composite number?
False
Is 8623019 a prime number?
True
Is 5905877 a prime number?
True
Is 39573731 a composite number?
True
Is 697187 a composite numb